3
What is the ten thousands digit of 1654857357?
5
What is the tens digit of 233389186?
8
What is the tens digit of 313941254?
5
What is the units digit of 3504312234?
4
What is the tens digit of 169609737?
3
What is the ten thousands digit of 23090867?
9
What is the millions digit of 4465184037?
5
What is the hundred thousands digit of 826767625?
7
What is the ten millions digit of 51481467?
5
What is the tens digit of 3679557?
5
What is the hundred millions digit of 165569933?
1
What is the hundreds digit of 38231302?
3
What is the hundreds digit of 5279331651?
6
What is the millions digit of 1126841380?
6
What is the units digit of 6871375?
5
What is the hundreds digit of 1612164236?
2
What is the ten thousands digit of 445719593?
1
What is the units digit of 103486493?
3
What is the tens digit of 370083956?
5
What is the units digit of 135063558?
8
What is the millions digit of 2932208812?
2
What is the hundreds digit of 92635341?
3
What is the billions digit of 4772612457?
4
What is the hundreds digit of 2553302915?
9
What is the tens digit of 1152001594?
9
What is the hundred millions digit of 108217567?
1
What is the hundreds digit of 438895699?
6
What is the units digit of 7273591?
1
What is the hundreds digit of 166701748?
7
What is the tens digit of 84651400?
0
What is the hundreds digit of 511740278?
2
What is the units digit of 703925496?
6
What is the hundred millions digit of 539455483?
5
What is the units digit of 1785319?
9
What is the ten millions digit of 1146064595?
4
What is the hundreds digit of 48129747?
7
What is the tens digit of 11118546?
4
What is the hundreds digit of 33059934?
9
What is the ten thousands digit of 95320488?
2
What is the millions digit of 270027107?
0
What is the ten millions digit of 63644326?
6
What is the hundred thousands digit of 144753620?
7
What is the hundred millions digit of 331812623?
3
What is the units digit of 121676089?
9
What is the millions digit of 219251553?
9
What is the tens digit of 756002147?
4
What is the ten thousands digit of 330174094?
7
What is the hundreds digit of 3368879833?
8
What is the tens digit of 44806546?
4
What is the tens digit of 12295452?
5
What is the tens digit of 2535923?
2
What is the millions digit of 115884281?
5
What is the thousands digit of 832763358?
3
What is the units digit of 132111380?
0
What is the millions digit of 114296970?
4
What is the hundred thousands digit of 21276688?
2
What is the ten millions digit of 3192561748?
9
What is the hundreds digit of 4505992531?
5
What is the hundred millions digit of 291188315?
2
What is the hundred thousands digit of 1073162475?
1
What is the thousands digit of 1018825978?
5
What is the thousands digit of 438367875?
7
What is the units digit of 1637926040?
0
What is the thousands digit of 3380607924?
7
What is the ten millions digit of 1647081396?
4
What is the hundred millions digit of 2182018352?
1
What is the hundreds digit of 497789926?
9
What is the hundred millions digit of 819542070?
8
What is the hundred thousands digit of 353494993?
4
What is the tens digit of 450029326?
2
What is the tens digit of 376498399?
9
What is the ten thousands digit of 47715616?
1
What is the hundred thousands digit of 53759350?
7
What is the tens digit of 153083577?
7
What is the thousands digit of 8630815?
0
What is the units digit of 15533754?
4
What is the hundred millions digit of 940631632?
9
What is the ten millions digit of 1171082862?
7
What is the hundred thousands digit of 259543486?
5
What is the thousands digit of 1841959067?
9
What is the tens digit of 2108395231?
3
What is the millions digit of 278243570?
8
What is the hundred thousands digit of 154809868?
8
What is the tens digit of 1547152997?
9
What is the units digit of 240015065?
5
What is the ten thousands digit of 886997431?
9
What is the units digit of 1284170435?
5
What is the units digit of 447345789?
9
What is the ten thousands digit of 8248259?
4
What is the units digit of 374044031?
1
What is the hundred thousands digit of 555232625?
2
What is the thousands digit of 812437547?
7
What is the hundreds digit of 16870825?
8
What is the tens digit of 731515296?
9
What is the units digit of 896352838?
8
What is the units digit of 111257422?
2
What is the hundred thousands digit of 42887670?
8
What is the hundred millions digit of 102659610?
1
What is the tens digit of 2445350005?
0
What is the millions digit of 5473999?
5
What is the billions digit of 3390102619?
3
What is the hundred thousands digit of 2097648116?
6
What is the thousands digit of 1060702847?
2
What is the millions digit of 93747550?
3
What is the ten millions digit of 22828861?
2
What is the billions digit of 6091713346?
6
What is the hundreds digit of 41303911?
9
What is the ten thousands digit of 1526400952?
0
What is the millions digit of 2235949686?
5
What is the ten thousands digit of 50718014?
1
What is the tens digit of 333975286?
8
What is the hundreds digit of 827609490?
4
What is the ten thousands digit of 5097119?
9
What is the tens digit of 46051545?
4
What is the hundreds digit of 88835595?
5
What is the hundred thousands digit of 2875924824?
9
What is the millions digit of 10696844?
0
What is the hundreds digit of 1230682611?
6
What is the ten thousands digit of 491169684?
6
What is the ten millions digit of 106213876?
0
What is the hundreds digit of 727037547?
5
What is the thousands digit of 3126417432?
7
What is the hundred millions digit of 1418075652?
4
What is the thousands digit of 53004376?
4
What is the tens digit of 71200480?
8
What is the units digit of 47913580?
0
What is the hundreds digit of 7870693999?
9
What is the units digit of 935888764?
4
What is the tens digit of 1354169816?
1
What is the millions digit of 19310256?
9
What is the thousands digit of 2106465928?
5
What is the hundred thousands digit of 715644700?
6
What is the hundred thousands digit of 69166999?
1
What is the hundred thousands digit of 321241653?
2
What is the thousands digit of 36101892?
1
What is the hundred thousands digit of 980536222?
5
What is the hundred thousands digit of 31985119?
9
What is the hundred thousands digit of 70543496?
5
What is the hundred thousands digit of 1680650390?
6
What is the thousands digit of 9922719?
2
What is the ten thousands digit of 713781580?
8
What is the ten millions digit of 27483150?
2
What is the ten thousands digit of 649265438?
6
What is the millions digit of 871998386?
1
What is the thousands digit of 62406288?
6
What is the ten thousands digit of 78485681?
8
What is the millions digit of 22756343?
2
What is the tens digit of 31319518?
1
What is the hundred thousands digit of 73634699?
6
What is the tens digit of 818686510?
1
What is the ten millions digit of 1277746600?
7
What is the units digit of 3828794661?
1
What is the ten millions digit of 965843068?
6
What is the hundred thousands digit of 522013425?
0
What is the hundreds digit of 448596685?
6
What is the billions digit of 1249177874?
1
What is the hundreds digit of 10678250?
2
What is the units digit of 773532802?
2
What is the ten millions digit of 46791213?
4
What is the tens digit of 76720782?
8
What is the ten millions digit of 246231025?
4
What is the ten millions digit of 2101936280?
0
What is the tens digit of 62719675?
7
What is the hundred millions digit of 264272470?
2
What is the hundred thousands digit of 77624217?
6
What is the tens digit of 302738032?
3
What is the hundred thousands digit of 1124852970?
8
What is the millions digit of 104551885?
4
What is the thousands digit of 22517277?
7
What is the hundred thousands digit of 81848147?
8
What is the hundreds digit of 27610596?
5
What is the thousands digit of 38527184?
7
What is the hundred thousands digit of 1008414582?
4
What is the hundreds digit of 5249644085?
0
What is the hundred thousands digit of 52397387?
3
What is the units digit of 257665660?
0
What is the hundred millions digit of 4875215851?
8
What is the thousands digit of 363445757?
5
What is the ten thousands digit of 151594139?
9
What is the hundreds digit of 675305849?
8
What is the ten millions digit of 49366409?
4
What is the billions digit of 4387424930?
4
What is the ten thousands digit of 2285637848?
3
What is the thousands digit o